{"id":1416,"date":"2023-04-21T09:22:06","date_gmt":"2023-04-21T07:22:06","guid":{"rendered":"https:\/\/www.beachblanquettebabylon.com\/?page_id=1416"},"modified":"2023-12-04T16:18:23","modified_gmt":"2023-12-04T15:18:23","slug":"contact","status":"publish","type":"page","link":"https:\/\/www.beachblanquettebabylon.com\/index.php\/contact\/","title":{"rendered":"Contact"},"content":{"rendered":"\t\t<div data-elementor-type=\"wp-page\" data-elementor-id=\"1416\" class=\"elementor elementor-1416\" data-elementor-post-type=\"page\">\n\t\t\t\t\t\t<section class=\"elementor-section elementor-top-section elementor-element elementor-element-ac7eb04 elementor-section-full_width elementor-section-height-default elementor-section-height-default\" data-id=\"ac7eb04\" data-element_type=\"section\" data-settings=\"{&quot;background_background&quot;:&quot;classic&quot;}\">\n\t\t\t\t\t\t\t<div class=\"elementor-background-overlay\"><\/div>\n\t\t\t\t\t\t\t<div class=\"elementor-container elementor-column-gap-extended\">\n\t\t\t\t\t<div class=\"elementor-column elementor-col-100 elementor-top-column elementor-element elementor-element-3afa774\" data-id=\"3afa774\" data-element_type=\"column\">\n\t\t\t<div class=\"elementor-widget-wrap\">\n\t\t\t\t\t\t\t<\/div>\n\t\t<\/div>\n\t\t\t\t\t<\/div>\n\t\t<\/section>\n\t\t\t\t<section class=\"elementor-section elementor-top-section elementor-element elementor-element-a29a0b5 elementor-section-full_width elementor-section-content-middle elementor-section-height-default elementor-section-height-default\" data-id=\"a29a0b5\" data-element_type=\"section\" data-settings=\"{&quot;background_background&quot;:&quot;classic&quot;}\">\n\t\t\t\t\t\t<div class=\"elementor-container elementor-column-gap-wide\">\n\t\t\t\t\t<div class=\"elementor-column elementor-col-50 elementor-top-column elementor-element elementor-element-fb9a9b2\" data-id=\"fb9a9b2\" data-element_type=\"column\" data-settings=\"{&quot;background_background&quot;:&quot;classic&quot;}\">\n\t\t\t<div class=\"elementor-widget-wrap elementor-element-populated\">\n\t\t\t\t\t\t<div class=\"elementor-element elementor-element-d76c431 elementor-widget elementor-widget-image\" data-id=\"d76c431\" data-element_type=\"widget\" data-widget_type=\"image.default\">\n\t\t\t\t<div class=\"elementor-widget-container\">\n\t\t\t\t\t\t\t\t\t\t\t\t\t\t\t\t<a href=\"https:\/\/www.beachblanquettebabylon.com\/\">\n\t\t\t\t\t\t\t<img fetchpriority=\"high\" decoding=\"async\" width=\"469\" height=\"215\" src=\"https:\/\/www.beachblanquettebabylon.com\/wp-content\/uploads\/2023\/04\/logo.png\" class=\"attachment-large size-large wp-image-115\" alt=\"\" srcset=\"https:\/\/www.beachblanquettebabylon.com\/wp-content\/uploads\/2023\/04\/logo.png 469w, https:\/\/www.beachblanquettebabylon.com\/wp-content\/uploads\/2023\/04\/logo-300x138.png 300w\" sizes=\"(max-width: 469px) 100vw, 469px\" \/>\t\t\t\t\t\t\t\t<\/a>\n\t\t\t\t\t\t\t\t\t\t\t\t\t\t\t<\/div>\n\t\t\t\t<\/div>\n\t\t\t\t\t<\/div>\n\t\t<\/div>\n\t\t\t\t<div class=\"elementor-column elementor-col-50 elementor-top-column elementor-element elementor-element-78ee18a\" data-id=\"78ee18a\" data-element_type=\"column\" data-settings=\"{&quot;background_background&quot;:&quot;classic&quot;}\">\n\t\t\t<div class=\"elementor-widget-wrap elementor-element-populated\">\n\t\t\t\t\t\t<div class=\"elementor-element elementor-element-333f934 elementor-hidden-mobile elementor-widget elementor-widget-text-editor\" data-id=\"333f934\" data-element_type=\"widget\" data-widget_type=\"text-editor.default\">\n\t\t\t\t<div class=\"elementor-widget-container\">\n\t\t\t\t\t\t\t\t\t<p>vintage is in the air<\/p>\t\t\t\t\t\t\t\t<\/div>\n\t\t\t\t<\/div>\n\t\t\t\t\t<\/div>\n\t\t<\/div>\n\t\t\t\t\t<\/div>\n\t\t<\/section>\n\t\t\t\t<section class=\"elementor-section elementor-top-section elementor-element elementor-element-0edb06d elementor-section-boxed elementor-section-height-default elementor-section-height-default\" data-id=\"0edb06d\" data-element_type=\"section\">\n\t\t\t\t\t\t<div class=\"elementor-container elementor-column-gap-default\">\n\t\t\t\t\t<div class=\"elementor-column elementor-col-100 elementor-top-column elementor-element elementor-element-4cff322\" data-id=\"4cff322\" data-element_type=\"column\">\n\t\t\t<div class=\"elementor-widget-wrap elementor-element-populated\">\n\t\t\t\t\t\t<div class=\"elementor-element elementor-element-8a16b39 elementor-widget elementor-widget-image\" data-id=\"8a16b39\" data-element_type=\"widget\" data-widget_type=\"image.default\">\n\t\t\t\t<div class=\"elementor-widget-container\">\n\t\t\t\t\t\t\t\t\t\t\t\t\t\t\t<img decoding=\"async\" width=\"296\" height=\"219\" src=\"https:\/\/www.beachblanquettebabylon.com\/wp-content\/uploads\/2023\/04\/Groupe-626.svg\" class=\"attachment-medium size-medium wp-image-1589\" alt=\"\" \/>\t\t\t\t\t\t\t\t\t\t\t\t\t\t\t<\/div>\n\t\t\t\t<\/div>\n\t\t\t\t\t<\/div>\n\t\t<\/div>\n\t\t\t\t\t<\/div>\n\t\t<\/section>\n\t\t\t\t<section class=\"elementor-section elementor-top-section elementor-element elementor-element-56bc61e elementor-section-boxed elementor-section-height-default elementor-section-height-default\" data-id=\"56bc61e\" data-element_type=\"section\">\n\t\t\t\t\t\t<div class=\"elementor-container elementor-column-gap-default\">\n\t\t\t\t\t<div class=\"elementor-column elementor-col-100 elementor-top-column elementor-element elementor-element-64c979b\" data-id=\"64c979b\" data-element_type=\"column\">\n\t\t\t<div class=\"elementor-widget-wrap\">\n\t\t\t\t\t\t\t<\/div>\n\t\t<\/div>\n\t\t\t\t\t<\/div>\n\t\t<\/section>\n\t\t\t\t<section class=\"elementor-section elementor-top-section elementor-element elementor-element-447ac29 elementor-section-boxed elementor-section-height-default elementor-section-height-default\" data-id=\"447ac29\" data-element_type=\"section\">\n\t\t\t\t\t\t<div class=\"elementor-container elementor-column-gap-default\">\n\t\t\t\t\t<div class=\"elementor-column elementor-col-100 elementor-top-column elementor-element elementor-element-426e3da\" data-id=\"426e3da\" data-element_type=\"column\">\n\t\t\t<div class=\"elementor-widget-wrap elementor-element-populated\">\n\t\t\t\t\t\t<div class=\"elementor-element elementor-element-7c6cc4f elementor-widget elementor-widget-heading\" data-id=\"7c6cc4f\" data-element_type=\"widget\" data-widget_type=\"heading.default\">\n\t\t\t\t<div class=\"elementor-widget-container\">\n\t\t\t\t\t<h1 class=\"elementor-heading-title elementor-size-default\">Contact<\/h1>\t\t\t\t<\/div>\n\t\t\t\t<\/div>\n\t\t\t\t<div class=\"elementor-element elementor-element-4a4ef4e elementor-widget elementor-widget-text-editor\" data-id=\"4a4ef4e\" data-element_type=\"widget\" data-widget_type=\"text-editor.default\">\n\t\t\t\t<div class=\"elementor-widget-container\">\n\t\t\t\t\t\t\t\t\t<p class=\"p1\">Pour toute question ou demande, n\u2019h\u00e9sitez pas \u00e0 prendre contact avec nous !\u00a0<\/p>\t\t\t\t\t\t\t\t<\/div>\n\t\t\t\t<\/div>\n\t\t\t\t\t<\/div>\n\t\t<\/div>\n\t\t\t\t\t<\/div>\n\t\t<\/section>\n\t\t\t\t<section class=\"elementor-section elementor-top-section elementor-element elementor-element-6976336 elementor-section-boxed elementor-section-height-default elementor-section-height-default\" data-id=\"6976336\" data-element_type=\"section\">\n\t\t\t\t\t\t<div class=\"elementor-container elementor-column-gap-default\">\n\t\t\t\t\t<div class=\"elementor-column elementor-col-50 elementor-top-column elementor-element elementor-element-6bb9341\" data-id=\"6bb9341\" data-element_type=\"column\">\n\t\t\t<div class=\"elementor-widget-wrap elementor-element-populated\">\n\t\t\t\t\t\t<div class=\"elementor-element elementor-element-0607f40 elementor-align-left elementor-mobile-align-center elementor-icon-list--layout-traditional elementor-list-item-link-full_width elementor-widget elementor-widget-icon-list\" data-id=\"0607f40\" data-element_type=\"widget\" data-widget_type=\"icon-list.default\">\n\t\t\t\t<div class=\"elementor-widget-container\">\n\t\t\t\t\t\t\t<ul class=\"elementor-icon-list-items\">\n\t\t\t\t\t\t\t<li class=\"elementor-icon-list-item\">\n\t\t\t\t\t\t\t\t\t\t\t<a href=\"tel:+%2033%204%2050%2010%2008%2026\">\n\n\t\t\t\t\t\t\t\t\t\t\t\t<span class=\"elementor-icon-list-icon\">\n\t\t\t\t\t\t\t<svg xmlns=\"http:\/\/www.w3.org\/2000\/svg\" width=\"15.439\" height=\"17.019\" viewBox=\"0 0 15.439 17.019\"><path id=\"Icon_awesome-phone-alt\" data-name=\"Icon awesome-phone-alt\" d=\"M15,12.027l-3.377-1.6a.681.681,0,0,0-.844.229l-1.5,2.014a11.813,11.813,0,0,1-5.343-5.89L5.766,5.136a.85.85,0,0,0,.208-.931L4.526.483A.714.714,0,0,0,3.7.021L.561.818A.786.786,0,0,0,0,1.6c0,8.526,6.269,15.424,13.992,15.424A.743.743,0,0,0,14.7,16.4l.724-3.457A.831.831,0,0,0,15,12.027Z\" transform=\"translate(0 0)\" fill=\"#ed5321\"><\/path><\/svg>\t\t\t\t\t\t<\/span>\n\t\t\t\t\t\t\t\t\t\t<span class=\"elementor-icon-list-text\">+ 33 4 50 10 08 26<\/span>\n\t\t\t\t\t\t\t\t\t\t\t<\/a>\n\t\t\t\t\t\t\t\t\t<\/li>\n\t\t\t\t\t\t\t\t<li class=\"elementor-icon-list-item\">\n\t\t\t\t\t\t\t\t\t\t\t<a href=\"mailto:contact@beachblanquettebabylon.com\">\n\n\t\t\t\t\t\t\t\t\t\t\t\t<span class=\"elementor-icon-list-icon\">\n\t\t\t\t\t\t\t<svg xmlns=\"http:\/\/www.w3.org\/2000\/svg\" width=\"18.947\" height=\"13.117\" viewBox=\"0 0 18.947 13.117\"><g id=\"Groupe_553\" data-name=\"Groupe 553\" transform=\"translate(-138 -776.272)\"><path id=\"Trac&#xE9;_1247\" data-name=\"Trac&#xE9; 1247\" d=\"M22.167,10.342l-4.9,4.992a.088.088,0,0,0,0,.128l3.43,3.653a.591.591,0,0,1,0,.838.594.594,0,0,1-.838,0l-3.416-3.639a.093.093,0,0,0-.132,0l-.833.847a3.667,3.667,0,0,1-2.614,1.1,3.741,3.741,0,0,1-2.669-1.134l-.8-.815a.093.093,0,0,0-.132,0L5.844,19.952a.594.594,0,0,1-.838,0,.591.591,0,0,1,0-.838l3.43-3.653a.1.1,0,0,0,0-.128L3.53,10.342a.09.09,0,0,0-.155.064v9.988a1.462,1.462,0,0,0,1.457,1.457H20.865a1.462,1.462,0,0,0,1.457-1.457V10.406A.091.091,0,0,0,22.167,10.342Z\" transform=\"translate(134.625 767.538)\" fill=\"#ed5321\"><\/path><path id=\"Trac&#xE9;_1248\" data-name=\"Trac&#xE9; 1248\" d=\"M13.148,16.214a2.476,2.476,0,0,0,1.781-.747l7.146-7.274a1.431,1.431,0,0,0-.9-.319H5.128a1.422,1.422,0,0,0-.9.319l7.146,7.274A2.476,2.476,0,0,0,13.148,16.214Z\" transform=\"translate(134.324 768.397)\" fill=\"#ed5321\"><\/path><\/g><\/svg>\t\t\t\t\t\t<\/span>\n\t\t\t\t\t\t\t\t\t\t<span class=\"elementor-icon-list-text\">contact@beachblanquettebabylon.com<\/span>\n\t\t\t\t\t\t\t\t\t\t\t<\/a>\n\t\t\t\t\t\t\t\t\t<\/li>\n\t\t\t\t\t\t\t\t<li class=\"elementor-icon-list-item\">\n\t\t\t\t\t\t\t\t\t\t\t<span class=\"elementor-icon-list-icon\">\n\t\t\t\t\t\t\t<svg xmlns=\"http:\/\/www.w3.org\/2000\/svg\" width=\"15.439\" height=\"22.056\" viewBox=\"0 0 15.439 22.056\"><path id=\"Icon_material-location-on\" data-name=\"Icon material-location-on\" d=\"M15.22,3A7.714,7.714,0,0,0,7.5,10.72c0,5.79,7.72,14.337,7.72,14.337s7.72-8.547,7.72-14.337A7.714,7.714,0,0,0,15.22,3Zm0,10.477a2.757,2.757,0,1,1,2.757-2.757A2.758,2.758,0,0,1,15.22,13.477Z\" transform=\"translate(-7.5 -3)\" fill=\"#ed5321\"><\/path><\/svg>\t\t\t\t\t\t<\/span>\n\t\t\t\t\t\t\t\t\t\t<span class=\"elementor-icon-list-text\">11 rue royale - 74000 Annecy<\/span>\n\t\t\t\t\t\t\t\t\t<\/li>\n\t\t\t\t\t\t<\/ul>\n\t\t\t\t\t\t<\/div>\n\t\t\t\t<\/div>\n\t\t\t\t<div class=\"elementor-element elementor-element-4a6cc68 elementor-widget elementor-widget-text-editor\" data-id=\"4a6cc68\" data-element_type=\"widget\" data-widget_type=\"text-editor.default\">\n\t\t\t\t<div class=\"elementor-widget-container\">\n\t\t\t\t\t\t\t\t\t<p>Ouvert du mardi au samedi de 10h00 \u00e0 13h00 et de 14h00 \u00e0 19h00.<\/p>\t\t\t\t\t\t\t\t<\/div>\n\t\t\t\t<\/div>\n\t\t\t\t\t<\/div>\n\t\t<\/div>\n\t\t\t\t<div class=\"elementor-column elementor-col-50 elementor-top-column elementor-element elementor-element-97e95cf\" data-id=\"97e95cf\" data-element_type=\"column\">\n\t\t\t<div class=\"elementor-widget-wrap elementor-element-populated\">\n\t\t\t\t\t\t<div class=\"elementor-element elementor-element-80302ce elementor-button-align-center elementor-widget elementor-widget-form\" data-id=\"80302ce\" data-element_type=\"widget\" data-settings=\"{&quot;step_next_label&quot;:&quot;Suivant&quot;,&quot;step_previous_label&quot;:&quot;Pr\\u00e9c\\u00e9dent&quot;,&quot;button_width&quot;:&quot;100&quot;,&quot;step_type&quot;:&quot;number_text&quot;,&quot;step_icon_shape&quot;:&quot;circle&quot;}\" data-widget_type=\"form.default\">\n\t\t\t\t<div class=\"elementor-widget-container\">\n\t\t\t\t\t\t\t<form class=\"elementor-form\" method=\"post\" name=\"Nouveau formulaire\">\n\t\t\t<input type=\"hidden\" name=\"post_id\" value=\"1416\"\/>\n\t\t\t<input type=\"hidden\" name=\"form_id\" value=\"80302ce\"\/>\n\t\t\t<input type=\"hidden\" name=\"referer_title\" value=\"Beach Blanquette Babylon\" \/>\n\n\t\t\t\n\t\t\t<div class=\"elementor-form-fields-wrapper elementor-labels-above\">\n\t\t\t\t\t\t\t\t<div class=\"elementor-field-type-text elementor-field-group elementor-column elementor-field-group-email elementor-col-100 elementor-field-required\">\n\t\t\t\t\t\t\t\t\t\t\t\t\t<input size=\"1\" type=\"text\" name=\"form_fields[email]\" id=\"form-field-email\" class=\"elementor-field elementor-size-sm  elementor-field-textual\" placeholder=\"Pr\u00e9nom\" required=\"required\">\n\t\t\t\t\t\t\t\t\t\t\t<\/div>\n\t\t\t\t\t\t\t\t<div class=\"elementor-field-type-text elementor-field-group elementor-column elementor-field-group-field_d3284a1 elementor-col-100\">\n\t\t\t\t\t\t\t\t\t\t\t\t\t<input size=\"1\" type=\"text\" name=\"form_fields[field_d3284a1]\" id=\"form-field-field_d3284a1\" class=\"elementor-field elementor-size-sm  elementor-field-textual\" placeholder=\"Nom\">\n\t\t\t\t\t\t\t\t\t\t\t<\/div>\n\t\t\t\t\t\t\t\t<div class=\"elementor-field-type-tel elementor-field-group elementor-column elementor-field-group-field_acd7601 elementor-col-100\">\n\t\t\t\t\t\t\t<input size=\"1\" type=\"tel\" name=\"form_fields[field_acd7601]\" id=\"form-field-field_acd7601\" class=\"elementor-field elementor-size-sm  elementor-field-textual\" placeholder=\"T\u00e9l\u00e9phone\" pattern=\"[0-9()#&amp;+*-=.]+\" title=\"Seuls les caract\u00e8res de num\u00e9ros de t\u00e9l\u00e9phone (#, -, *, etc.) sont accept\u00e9s.\">\n\n\t\t\t\t\t\t<\/div>\n\t\t\t\t\t\t\t\t<div class=\"elementor-field-type-email elementor-field-group elementor-column elementor-field-group-field_58ce084 elementor-col-100\">\n\t\t\t\t\t\t\t\t\t\t\t\t\t<input size=\"1\" type=\"email\" name=\"form_fields[field_58ce084]\" id=\"form-field-field_58ce084\" class=\"elementor-field elementor-size-sm  elementor-field-textual\" placeholder=\"E-mail\">\n\t\t\t\t\t\t\t\t\t\t\t<\/div>\n\t\t\t\t\t\t\t\t<div class=\"elementor-field-type-textarea elementor-field-group elementor-column elementor-field-group-field_60db052 elementor-col-100\">\n\t\t\t\t\t<textarea class=\"elementor-field-textual elementor-field  elementor-size-sm\" name=\"form_fields[field_60db052]\" id=\"form-field-field_60db052\" rows=\"4\" placeholder=\"Message\"><\/textarea>\t\t\t\t<\/div>\n\t\t\t\t\t\t\t\t<div class=\"elementor-field-group elementor-column elementor-field-type-submit elementor-col-100 e-form__buttons\">\n\t\t\t\t\t<button class=\"elementor-button elementor-size-sm\" type=\"submit\">\n\t\t\t\t\t\t<span class=\"elementor-button-content-wrapper\">\n\t\t\t\t\t\t\t\t\t\t\t\t\t\t\t\t\t\t\t\t\t\t<span class=\"elementor-button-text\">Envoyer<\/span>\n\t\t\t\t\t\t\t\t\t\t\t\t\t<\/span>\n\t\t\t\t\t<\/button>\n\t\t\t\t<\/div>\n\t\t\t<\/div>\n\t\t<\/form>\n\t\t\t\t\t\t<\/div>\n\t\t\t\t<\/div>\n\t\t\t\t\t<\/div>\n\t\t<\/div>\n\t\t\t\t\t<\/div>\n\t\t<\/section>\n\t\t\t\t<\/div>\n\t\t","protected":false},"excerpt":{"rendered":"<p>Une question, un souhait ? Envoyez-nous votre message. Retrouvez-nous au 11 Rue Royale &#8211; 74000 Annecy ou e-mail : contact@beachblanquettebabylon.com<\/p>\n","protected":false},"author":2,"featured_media":575,"parent":0,"menu_order":0,"comment_status":"closed","ping_status":"closed","template":"","meta":{"footnotes":""},"class_list":["post-1416","page","type-page","status-publish","has-post-thumbnail","hentry"],"yoast_head":"<!-- This site is optimized with the Yoast SEO plugin v25.3 - https:\/\/yoast.com\/wordpress\/plugins\/seo\/ -->\n<title>Contact - Beach Blanquette Babylon<\/title>\n<meta name=\"description\" content=\"Une question, un souhait ? Envoyez-nous votre message. Retrouvez-nous au 11 Rue Royale - 74000 Annecy ou e-mail : contact@beachblanquettebabylon.com\" \/>\n<meta name=\"robots\" content=\"index, follow, max-snippet:-1, max-image-preview:large, max-video-preview:-1\" \/>\n<link rel=\"canonical\" href=\"https:\/\/www.beachblanquettebabylon.com\/index.php\/accueil__trashed\/contact\/\" \/>\n<meta property=\"og:locale\" content=\"fr_FR\" \/>\n<meta property=\"og:type\" content=\"article\" \/>\n<meta property=\"og:title\" content=\"Contact - Beach Blanquette Babylon\" \/>\n<meta property=\"og:description\" content=\"Une question, un souhait ? Envoyez-nous votre message. Retrouvez-nous au 11 Rue Royale - 74000 Annecy ou e-mail : contact@beachblanquettebabylon.com\" \/>\n<meta property=\"og:url\" content=\"https:\/\/www.beachblanquettebabylon.com\/index.php\/accueil__trashed\/contact\/\" \/>\n<meta property=\"og:site_name\" content=\"Beach Blanquette Babylon\" \/>\n<meta property=\"article:modified_time\" content=\"2023-12-04T15:18:23+00:00\" \/>\n<meta property=\"og:image\" content=\"https:\/\/www.beachblanquettebabylon.com\/wp-content\/uploads\/2023\/04\/Beach-Blanquette-Babylon-Header-Contact-scaled.webp\" \/>\n\t<meta property=\"og:image:width\" content=\"2560\" \/>\n\t<meta property=\"og:image:height\" content=\"689\" \/>\n\t<meta property=\"og:image:type\" content=\"image\/webp\" \/>\n<meta name=\"twitter:card\" content=\"summary_large_image\" \/>\n<meta name=\"twitter:label1\" content=\"Dur\u00e9e de lecture estim\u00e9e\" \/>\n\t<meta name=\"twitter:data1\" content=\"1 minute\" \/>\n<script type=\"application\/ld+json\" class=\"yoast-schema-graph\">{\"@context\":\"https:\/\/schema.org\",\"@graph\":[{\"@type\":\"WebPage\",\"@id\":\"https:\/\/www.beachblanquettebabylon.com\/index.php\/accueil__trashed\/contact\/\",\"url\":\"https:\/\/www.beachblanquettebabylon.com\/index.php\/accueil__trashed\/contact\/\",\"name\":\"Contact - Beach Blanquette Babylon\",\"isPartOf\":{\"@id\":\"https:\/\/www.beachblanquettebabylon.com\/#website\"},\"primaryImageOfPage\":{\"@id\":\"https:\/\/www.beachblanquettebabylon.com\/index.php\/accueil__trashed\/contact\/#primaryimage\"},\"image\":{\"@id\":\"https:\/\/www.beachblanquettebabylon.com\/index.php\/accueil__trashed\/contact\/#primaryimage\"},\"thumbnailUrl\":\"https:\/\/www.beachblanquettebabylon.com\/wp-content\/uploads\/2023\/04\/Beach-Blanquette-Babylon-Header-Contact-scaled.webp\",\"datePublished\":\"2023-04-21T07:22:06+00:00\",\"dateModified\":\"2023-12-04T15:18:23+00:00\",\"description\":\"Une question, un souhait ? Envoyez-nous votre message. Retrouvez-nous au 11 Rue Royale - 74000 Annecy ou e-mail : contact@beachblanquettebabylon.com\",\"breadcrumb\":{\"@id\":\"https:\/\/www.beachblanquettebabylon.com\/index.php\/accueil__trashed\/contact\/#breadcrumb\"},\"inLanguage\":\"fr-FR\",\"potentialAction\":[{\"@type\":\"ReadAction\",\"target\":[\"https:\/\/www.beachblanquettebabylon.com\/index.php\/accueil__trashed\/contact\/\"]}]},{\"@type\":\"ImageObject\",\"inLanguage\":\"fr-FR\",\"@id\":\"https:\/\/www.beachblanquettebabylon.com\/index.php\/accueil__trashed\/contact\/#primaryimage\",\"url\":\"https:\/\/www.beachblanquettebabylon.com\/wp-content\/uploads\/2023\/04\/Beach-Blanquette-Babylon-Header-Contact-scaled.webp\",\"contentUrl\":\"https:\/\/www.beachblanquettebabylon.com\/wp-content\/uploads\/2023\/04\/Beach-Blanquette-Babylon-Header-Contact-scaled.webp\",\"width\":2560,\"height\":689},{\"@type\":\"BreadcrumbList\",\"@id\":\"https:\/\/www.beachblanquettebabylon.com\/index.php\/accueil__trashed\/contact\/#breadcrumb\",\"itemListElement\":[{\"@type\":\"ListItem\",\"position\":1,\"name\":\"Accueil\",\"item\":\"https:\/\/www.beachblanquettebabylon.com\/\"},{\"@type\":\"ListItem\",\"position\":2,\"name\":\"Contact\"}]},{\"@type\":\"WebSite\",\"@id\":\"https:\/\/www.beachblanquettebabylon.com\/#website\",\"url\":\"https:\/\/www.beachblanquettebabylon.com\/\",\"name\":\"Beach Blanquette Babylon\",\"description\":\"Vintage is in the air !\",\"publisher\":{\"@id\":\"https:\/\/www.beachblanquettebabylon.com\/#organization\"},\"potentialAction\":[{\"@type\":\"SearchAction\",\"target\":{\"@type\":\"EntryPoint\",\"urlTemplate\":\"https:\/\/www.beachblanquettebabylon.com\/?s={search_term_string}\"},\"query-input\":{\"@type\":\"PropertyValueSpecification\",\"valueRequired\":true,\"valueName\":\"search_term_string\"}}],\"inLanguage\":\"fr-FR\"},{\"@type\":\"Organization\",\"@id\":\"https:\/\/www.beachblanquettebabylon.com\/#organization\",\"name\":\"Beach Blanquette Babylon\",\"url\":\"https:\/\/www.beachblanquettebabylon.com\/\",\"logo\":{\"@type\":\"ImageObject\",\"inLanguage\":\"fr-FR\",\"@id\":\"https:\/\/www.beachblanquettebabylon.com\/#\/schema\/logo\/image\/\",\"url\":\"https:\/\/www.beachblanquettebabylon.com\/wp-content\/uploads\/2023\/04\/cropped-logo.png\",\"contentUrl\":\"https:\/\/www.beachblanquettebabylon.com\/wp-content\/uploads\/2023\/04\/cropped-logo.png\",\"width\":469,\"height\":215,\"caption\":\"Beach Blanquette Babylon\"},\"image\":{\"@id\":\"https:\/\/www.beachblanquettebabylon.com\/#\/schema\/logo\/image\/\"}}]}<\/script>\n<!-- \/ Yoast SEO plugin. -->","yoast_head_json":{"title":"Contact - Beach Blanquette Babylon","description":"Une question, un souhait ? Envoyez-nous votre message. Retrouvez-nous au 11 Rue Royale - 74000 Annecy ou e-mail : contact@beachblanquettebabylon.com","robots":{"index":"index","follow":"follow","max-snippet":"max-snippet:-1","max-image-preview":"max-image-preview:large","max-video-preview":"max-video-preview:-1"},"canonical":"https:\/\/www.beachblanquettebabylon.com\/index.php\/accueil__trashed\/contact\/","og_locale":"fr_FR","og_type":"article","og_title":"Contact - Beach Blanquette Babylon","og_description":"Une question, un souhait ? Envoyez-nous votre message. Retrouvez-nous au 11 Rue Royale - 74000 Annecy ou e-mail : contact@beachblanquettebabylon.com","og_url":"https:\/\/www.beachblanquettebabylon.com\/index.php\/accueil__trashed\/contact\/","og_site_name":"Beach Blanquette Babylon","article_modified_time":"2023-12-04T15:18:23+00:00","og_image":[{"width":2560,"height":689,"url":"https:\/\/www.beachblanquettebabylon.com\/wp-content\/uploads\/2023\/04\/Beach-Blanquette-Babylon-Header-Contact-scaled.webp","type":"image\/webp"}],"twitter_card":"summary_large_image","twitter_misc":{"Dur\u00e9e de lecture estim\u00e9e":"1 minute"},"schema":{"@context":"https:\/\/schema.org","@graph":[{"@type":"WebPage","@id":"https:\/\/www.beachblanquettebabylon.com\/index.php\/accueil__trashed\/contact\/","url":"https:\/\/www.beachblanquettebabylon.com\/index.php\/accueil__trashed\/contact\/","name":"Contact - Beach Blanquette Babylon","isPartOf":{"@id":"https:\/\/www.beachblanquettebabylon.com\/#website"},"primaryImageOfPage":{"@id":"https:\/\/www.beachblanquettebabylon.com\/index.php\/accueil__trashed\/contact\/#primaryimage"},"image":{"@id":"https:\/\/www.beachblanquettebabylon.com\/index.php\/accueil__trashed\/contact\/#primaryimage"},"thumbnailUrl":"https:\/\/www.beachblanquettebabylon.com\/wp-content\/uploads\/2023\/04\/Beach-Blanquette-Babylon-Header-Contact-scaled.webp","datePublished":"2023-04-21T07:22:06+00:00","dateModified":"2023-12-04T15:18:23+00:00","description":"Une question, un souhait ? Envoyez-nous votre message. Retrouvez-nous au 11 Rue Royale - 74000 Annecy ou e-mail : contact@beachblanquettebabylon.com","breadcrumb":{"@id":"https:\/\/www.beachblanquettebabylon.com\/index.php\/accueil__trashed\/contact\/#breadcrumb"},"inLanguage":"fr-FR","potentialAction":[{"@type":"ReadAction","target":["https:\/\/www.beachblanquettebabylon.com\/index.php\/accueil__trashed\/contact\/"]}]},{"@type":"ImageObject","inLanguage":"fr-FR","@id":"https:\/\/www.beachblanquettebabylon.com\/index.php\/accueil__trashed\/contact\/#primaryimage","url":"https:\/\/www.beachblanquettebabylon.com\/wp-content\/uploads\/2023\/04\/Beach-Blanquette-Babylon-Header-Contact-scaled.webp","contentUrl":"https:\/\/www.beachblanquettebabylon.com\/wp-content\/uploads\/2023\/04\/Beach-Blanquette-Babylon-Header-Contact-scaled.webp","width":2560,"height":689},{"@type":"BreadcrumbList","@id":"https:\/\/www.beachblanquettebabylon.com\/index.php\/accueil__trashed\/contact\/#breadcrumb","itemListElement":[{"@type":"ListItem","position":1,"name":"Accueil","item":"https:\/\/www.beachblanquettebabylon.com\/"},{"@type":"ListItem","position":2,"name":"Contact"}]},{"@type":"WebSite","@id":"https:\/\/www.beachblanquettebabylon.com\/#website","url":"https:\/\/www.beachblanquettebabylon.com\/","name":"Beach Blanquette Babylon","description":"Vintage is in the air !","publisher":{"@id":"https:\/\/www.beachblanquettebabylon.com\/#organization"},"potentialAction":[{"@type":"SearchAction","target":{"@type":"EntryPoint","urlTemplate":"https:\/\/www.beachblanquettebabylon.com\/?s={search_term_string}"},"query-input":{"@type":"PropertyValueSpecification","valueRequired":true,"valueName":"search_term_string"}}],"inLanguage":"fr-FR"},{"@type":"Organization","@id":"https:\/\/www.beachblanquettebabylon.com\/#organization","name":"Beach Blanquette Babylon","url":"https:\/\/www.beachblanquettebabylon.com\/","logo":{"@type":"ImageObject","inLanguage":"fr-FR","@id":"https:\/\/www.beachblanquettebabylon.com\/#\/schema\/logo\/image\/","url":"https:\/\/www.beachblanquettebabylon.com\/wp-content\/uploads\/2023\/04\/cropped-logo.png","contentUrl":"https:\/\/www.beachblanquettebabylon.com\/wp-content\/uploads\/2023\/04\/cropped-logo.png","width":469,"height":215,"caption":"Beach Blanquette Babylon"},"image":{"@id":"https:\/\/www.beachblanquettebabylon.com\/#\/schema\/logo\/image\/"}}]}},"_links":{"self":[{"href":"https:\/\/www.beachblanquettebabylon.com\/index.php\/wp-json\/wp\/v2\/pages\/1416","targetHints":{"allow":["GET"]}}],"collection":[{"href":"https:\/\/www.beachblanquettebabylon.com\/index.php\/wp-json\/wp\/v2\/pages"}],"about":[{"href":"https:\/\/www.beachblanquettebabylon.com\/index.php\/wp-json\/wp\/v2\/types\/page"}],"author":[{"embeddable":true,"href":"https:\/\/www.beachblanquettebabylon.com\/index.php\/wp-json\/wp\/v2\/users\/2"}],"replies":[{"embeddable":true,"href":"https:\/\/www.beachblanquettebabylon.com\/index.php\/wp-json\/wp\/v2\/comments?post=1416"}],"version-history":[{"count":252,"href":"https:\/\/www.beachblanquettebabylon.com\/index.php\/wp-json\/wp\/v2\/pages\/1416\/revisions"}],"predecessor-version":[{"id":5221,"href":"https:\/\/www.beachblanquettebabylon.com\/index.php\/wp-json\/wp\/v2\/pages\/1416\/revisions\/5221"}],"wp:featuredmedia":[{"embeddable":true,"href":"https:\/\/www.beachblanquettebabylon.com\/index.php\/wp-json\/wp\/v2\/media\/575"}],"wp:attachment":[{"href":"https:\/\/www.beachblanquettebabylon.com\/index.php\/wp-json\/wp\/v2\/media?parent=1416"}],"curies":[{"name":"wp","href":"https:\/\/api.w.org\/{rel}","templated":true}]}}